{"id":5251,"date":"2022-07-21T11:00:30","date_gmt":"2022-07-21T09:00:30","guid":{"rendered":"https:\/\/www.pharmefficare.com\/espace-pharmacien\/?post_type=product&#038;p=5251"},"modified":"2022-07-21T11:00:30","modified_gmt":"2022-07-21T09:00:30","slug":"pure-d","status":"publish","type":"product","link":"https:\/\/www.pharmefficare.com\/espace-pharmacien\/produit\/pure-d\/","title":{"rendered":"Pure D"},"content":{"rendered":"<div class=\"page\" title=\"Page 1\">\n<div class=\"section\">\n<div class=\"layoutArea\">\n<div class=\"column\">\n<p>La vitamine D favorise le fonctionnement normal du syst\u00e8me immunitaire. La vitamine D\u00a0joue un r\u00f4le dans le maintien du bon fonctionnement du syst\u00e8me immunitaire inn\u00e9\u00a0et adaptatif. Une carence en vitamine D peut rapidement appara\u00eetre durant les mois d\u2019hiver moins ensoleill\u00e9s. La vitamine D est favorable \u00e0 un taux normal de calcium dans le sang et contribue \u00e0 la bonne sant\u00e9 des os. La vitamine D est \u00e9galement bonne pour le fonctionnement normal des muscles. D\u00e8s que le soleil brille sur la peau, le corps produit lui-m\u00eame de la vitamine D, c\u2019est pourquoi la vitamine D est \u00e9galement appel\u00e9e vitamine du soleil.<\/p>\n<\/div>\n<\/div>\n<\/div>\n<\/div>\n<ul>\n<li>La vitamine D3 est la forme la plus efficace de vitamine D sur le plan physiologique<\/li>\n<li>Petit comprim\u00e9 \u00e0 croquer, peut \u00e9galement \u00eatre suc\u00e9 ou aval\u00e9.<\/li>\n<li>D\u00e9licieux go\u00fbt d\u2019agrumes.<\/li>\n<li>Particuli\u00e8rement recommand\u00e9 lors d\u2019une production r\u00e9duite de vitamine D en automne et en hiver.<\/li>\n<li>1 comprim\u00e9 \u00e0 croquer\/jour (go\u00fbt agrumes agr\u00e9able)<\/li>\n<li><span class=\"s1\">90 <\/span>comprim\u00e9s<\/li>\n<\/ul>\n<p>&nbsp;<\/p>\n<p>&nbsp;<\/p>\n<pre><em>* Convient aux v\u00e9g\u00e9tariens et v\u00e9ganistes.<\/em>\r\n<em>Sans lactose-, gluten-, et soja.D\u00e9conseill\u00e9 aux femmes enceintes, aux femmes allaitantes ou aux personnes sensibles \u00e0 la caf\u00e9ine.\r\nGarder hors de la port\u00e9e et la vue d\u2019enfants. \r\nLa quantit\u00e9 quotidienne recommand\u00e9e ne peut \u00eatre d\u00e9pass\u00e9e. \r\nUn compl\u00e9ment alimentaire\u00a0n\u2019est pas une substitution d\u2019une alimentation vari\u00e9e et \u00e9quilibr\u00e9e et d\u2019un style de vie sain.\r\nConserver dans un endroit sec et frais. \r\n\u00c0 conserver dans son emballage d\u2019origine.<\/em><\/pre>\n","protected":false},"excerpt":{"rendered":"<p>La vitamine D favorise le fonctionnement normal du syst\u00e8me immunitaire. La vitamine D\u00a0joue un r\u00f4le dans le maintien du bon fonctionnement du syst\u00e8me immunitaire inn\u00e9\u00a0et adaptatif. Une carence en vitamine D peut rapidement appara\u00eetre durant les mois d\u2019hiver moins ensoleill\u00e9s. La vitamine D est favorable \u00e0 un taux normal de calcium dans le sang et &hellip;<\/p>\n<p class=\"read-more\"> <a class=\"\" href=\"https:\/\/www.pharmefficare.com\/espace-pharmacien\/produit\/pure-d\/\"> <span class=\"screen-reader-text\">Pure D<\/span> Lire la suite\u00a0\u00bb<\/a><\/p>\n","protected":false},"featured_media":5252,"template":"","meta":{"site-sidebar-layout":"default","site-content-layout":"default","ast-global-header-display":"","ast-main-header-display":"","ast-hfb-above-header-display":"","ast-hfb-below-header-display":"","ast-hfb-mobile-header-display":"","site-post-title":"","ast-breadcrumbs-content":"","ast-featured-img":"","footer-sml-layout":"","theme-transparent-header-meta":"default","adv-header-id-meta":"","stick-header-meta":"","header-above-stick-meta":"","header-main-stick-meta":"","header-below-stick-meta":""},"product_cat":[176,177,178],"product_tag":[],"class_list":["post-5251","product","type-product","status-publish","has-post-thumbnail","hentry","product_cat-energie","product_cat-immunite","product_cat-muscles-articulations-et-ossature"],"_links":{"self":[{"href":"https:\/\/www.pharmefficare.com\/espace-pharmacien\/wp-json\/wp\/v2\/product\/5251","targetHints":{"allow":["GET"]}}],"collection":[{"href":"https:\/\/www.pharmefficare.com\/espace-pharmacien\/wp-json\/wp\/v2\/product"}],"about":[{"href":"https:\/\/www.pharmefficare.com\/espace-pharmacien\/wp-json\/wp\/v2\/types\/product"}],"wp:featuredmedia":[{"embeddable":true,"href":"https:\/\/www.pharmefficare.com\/espace-pharmacien\/wp-json\/wp\/v2\/media\/5252"}],"wp:attachment":[{"href":"https:\/\/www.pharmefficare.com\/espace-pharmacien\/wp-json\/wp\/v2\/media?parent=5251"}],"wp:term":[{"taxonomy":"product_cat","embeddable":true,"href":"https:\/\/www.pharmefficare.com\/espace-pharmacien\/wp-json\/wp\/v2\/product_cat?post=5251"},{"taxonomy":"product_tag","embeddable":true,"href":"https:\/\/www.pharmefficare.com\/espace-pharmacien\/wp-json\/wp\/v2\/product_tag?post=5251"}],"curies":[{"name":"wp","href":"https:\/\/api.w.org\/{rel}","templated":true}]}}