{"id":5173,"date":"2022-07-12T15:14:13","date_gmt":"2022-07-12T13:14:13","guid":{"rendered":"https:\/\/www.pharmefficare.com\/espace-pharmacien\/?post_type=product&#038;p=5173"},"modified":"2022-07-12T15:15:10","modified_gmt":"2022-07-12T13:15:10","slug":"anti-age-contour-yeux-et-levres","status":"publish","type":"product","link":"https:\/\/www.pharmefficare.com\/espace-pharmacien\/produit\/anti-age-contour-yeux-et-levres\/","title":{"rendered":"Anti-\u00c2ge Contour Yeux Et L\u00e8vres"},"content":{"rendered":"<ul>\n<li>Un soin concentr\u00e9, \u00e0 base d\u2019eau thermale du Mont Blanc, pour <strong>une peau repos\u00e9e et d\u2019apparence rajeunie<\/strong>.<\/li>\n<li>Ce soin anti-cernes et anti-poches<strong> hydrate et lisse le contour des yeux et des l\u00e8vres<\/strong>.<\/li>\n<li>Sa formule associe l\u2019eau thermale r\u00e9paratrice \u00e0 l\u2019edelweiss alpin anti-oxydant. <strong>La souplesse, l\u2019\u00e9clat et la fermet\u00e9<\/strong> de la peau sont am\u00e9lior\u00e9s.<\/li>\n<li>Le soin contour des yeux \u00e0 l\u2019eau thermale<strong> lutte contre les signes de l\u2019\u00e2ge install\u00e9s<\/strong>. Il illumine les zones fines et fragiles du visage. Il d\u00e9froisse le regard et att\u00e9nue efficacement rides et ridules.<strong>R\u00e9sultat :<\/strong> Regard hydrat\u00e9 et illumin\u00e9.\n<p>S\u2019utilise matin et soir, avant un soin de jour ou de nuit anti-\u00e2ge ou hydratant Saint-Gervais Mont Blanc.<\/li>\n<\/ul>\n<p class=\"single-product-format text-theme\">Format : Flacon-pompe 15ml<\/p>\n<p>&nbsp;<\/p>\n<p><strong>Ingr\u00e9dients:<\/strong> AQUA \/ WATER GLYCERIN DIMETHICONE SQUALANE CAPRYLIC\/CAPRIC TRIGLYCERIDE NYLON-6\/12 PROPANEDIOL CETEARYL ALCOHOL PEG-100 STEARATE GLYCERYL STEARATE POLYACRYLAMIDE C13-14 ISOPARAFFIN BUTYLENE GLYCOL DIMETHICONOL CETEARYL GLUCOSIDE XANTHAN GUM ETHYLHEXYLGLYCERIN TOCOPHEROL LAURETH-7 SALICYLIC ACID CAPRYLYL GLYCOL ADENOSINE SODIUM HYDROXIDE LEONTOPODIUM ALPINUM FLOWER\/LEAF EXTRACT CARBOMER SODIUM LACTATE POLYSORBATE 20 CITRIC ACID SODIUM BENZOATE POTASSIUM SORBATE PALMITOYL TRIPEPTIDE-1 PALMITOYL TETRAPEPTIDE-7<\/p>\n","protected":false},"excerpt":{"rendered":"<p>Un soin concentr\u00e9, \u00e0 base d\u2019eau thermale du Mont Blanc, pour une peau repos\u00e9e et d\u2019apparence rajeunie. Ce soin anti-cernes et anti-poches hydrate et lisse le contour des yeux et des l\u00e8vres. Sa formule associe l\u2019eau thermale r\u00e9paratrice \u00e0 l\u2019edelweiss alpin anti-oxydant. La souplesse, l\u2019\u00e9clat et la fermet\u00e9 de la peau sont am\u00e9lior\u00e9s. Le soin &hellip;<\/p>\n<p class=\"read-more\"> <a class=\"\" href=\"https:\/\/www.pharmefficare.com\/espace-pharmacien\/produit\/anti-age-contour-yeux-et-levres\/\"> <span class=\"screen-reader-text\">Anti-\u00c2ge Contour Yeux Et L\u00e8vres<\/span> Lire la suite\u00a0\u00bb<\/a><\/p>\n","protected":false},"featured_media":5174,"template":"","meta":{"site-sidebar-layout":"default","site-content-layout":"default","ast-global-header-display":"","ast-main-header-display":"","ast-hfb-above-header-display":"","ast-hfb-below-header-display":"","ast-hfb-mobile-header-display":"","site-post-title":"","ast-breadcrumbs-content":"","ast-featured-img":"","footer-sml-layout":"","theme-transparent-header-meta":"default","adv-header-id-meta":"","stick-header-meta":"","header-above-stick-meta":"","header-main-stick-meta":"","header-below-stick-meta":""},"product_cat":[172],"product_tag":[],"class_list":["post-5173","product","type-product","status-publish","has-post-thumbnail","hentry","product_cat-anti-age"],"_links":{"self":[{"href":"https:\/\/www.pharmefficare.com\/espace-pharmacien\/wp-json\/wp\/v2\/product\/5173","targetHints":{"allow":["GET"]}}],"collection":[{"href":"https:\/\/www.pharmefficare.com\/espace-pharmacien\/wp-json\/wp\/v2\/product"}],"about":[{"href":"https:\/\/www.pharmefficare.com\/espace-pharmacien\/wp-json\/wp\/v2\/types\/product"}],"wp:featuredmedia":[{"embeddable":true,"href":"https:\/\/www.pharmefficare.com\/espace-pharmacien\/wp-json\/wp\/v2\/media\/5174"}],"wp:attachment":[{"href":"https:\/\/www.pharmefficare.com\/espace-pharmacien\/wp-json\/wp\/v2\/media?parent=5173"}],"wp:term":[{"taxonomy":"product_cat","embeddable":true,"href":"https:\/\/www.pharmefficare.com\/espace-pharmacien\/wp-json\/wp\/v2\/product_cat?post=5173"},{"taxonomy":"product_tag","embeddable":true,"href":"https:\/\/www.pharmefficare.com\/espace-pharmacien\/wp-json\/wp\/v2\/product_tag?post=5173"}],"curies":[{"name":"wp","href":"https:\/\/api.w.org\/{rel}","templated":true}]}}