{"id":5159,"date":"2022-07-12T14:13:57","date_gmt":"2022-07-12T12:13:57","guid":{"rendered":"https:\/\/www.pharmefficare.com\/espace-pharmacien\/?post_type=product&#038;p=5159"},"modified":"2022-07-13T12:19:36","modified_gmt":"2022-07-13T10:19:36","slug":"eau-thermale-du-mont-blanc","status":"publish","type":"product","link":"https:\/\/www.pharmefficare.com\/espace-pharmacien\/produit\/eau-thermale-du-mont-blanc\/","title":{"rendered":"Eau Thermale Du Mont Blanc"},"content":{"rendered":"<ul>\n<li>Un brumisateur, \u00e0 l\u2019eau thermale pure du Mont Blanc, pour <strong>une peau r\u00e9par\u00e9e et hydrat\u00e9e<\/strong>.<\/li>\n<li>Cette brume r\u00e9paratrice rafra\u00eechit visage et corps, respecte la peau pour<strong> la pr\u00e9parer \u00e0 recevoir les soins<\/strong>.<\/li>\n<li>Sa formule, \u00e0 100 % d\u2019eau thermale, est tr\u00e8s concentr\u00e9e en bore et mangan\u00e8se, 2 min\u00e9raux au pouvoir r\u00e9parateur et r\u00e9g\u00e9n\u00e9rant. <strong>La peau est r\u00e9g\u00e9n\u00e9r\u00e9e, nette, sans tirailler.<\/strong><\/li>\n<\/ul>\n<p class=\"single-product-format text-theme\">Format : A\u00e9rosol 250ml<\/p>\n","protected":false},"excerpt":{"rendered":"<p>Un brumisateur, \u00e0 l\u2019eau thermale pure du Mont Blanc, pour une peau r\u00e9par\u00e9e et hydrat\u00e9e. Cette brume r\u00e9paratrice rafra\u00eechit visage et corps, respecte la peau pour la pr\u00e9parer \u00e0 recevoir les soins. Sa formule, \u00e0 100 % d\u2019eau thermale, est tr\u00e8s concentr\u00e9e en bore et mangan\u00e8se, 2 min\u00e9raux au pouvoir r\u00e9parateur et r\u00e9g\u00e9n\u00e9rant. La peau &hellip;<\/p>\n<p class=\"read-more\"> <a class=\"\" href=\"https:\/\/www.pharmefficare.com\/espace-pharmacien\/produit\/eau-thermale-du-mont-blanc\/\"> <span class=\"screen-reader-text\">Eau Thermale Du Mont Blanc<\/span> Lire la suite\u00a0\u00bb<\/a><\/p>\n","protected":false},"featured_media":5196,"template":"","meta":{"site-sidebar-layout":"default","site-content-layout":"default","ast-global-header-display":"","ast-main-header-display":"","ast-hfb-above-header-display":"","ast-hfb-below-header-display":"","ast-hfb-mobile-header-display":"","site-post-title":"","ast-breadcrumbs-content":"","ast-featured-img":"","footer-sml-layout":"","theme-transparent-header-meta":"default","adv-header-id-meta":"","stick-header-meta":"","header-above-stick-meta":"","header-main-stick-meta":"","header-below-stick-meta":""},"product_cat":[173,170],"product_tag":[],"class_list":["post-5159","product","type-product","status-publish","has-post-thumbnail","hentry","product_cat-hydratation","product_cat-soin-pour-le-corps"],"_links":{"self":[{"href":"https:\/\/www.pharmefficare.com\/espace-pharmacien\/wp-json\/wp\/v2\/product\/5159","targetHints":{"allow":["GET"]}}],"collection":[{"href":"https:\/\/www.pharmefficare.com\/espace-pharmacien\/wp-json\/wp\/v2\/product"}],"about":[{"href":"https:\/\/www.pharmefficare.com\/espace-pharmacien\/wp-json\/wp\/v2\/types\/product"}],"wp:featuredmedia":[{"embeddable":true,"href":"https:\/\/www.pharmefficare.com\/espace-pharmacien\/wp-json\/wp\/v2\/media\/5196"}],"wp:attachment":[{"href":"https:\/\/www.pharmefficare.com\/espace-pharmacien\/wp-json\/wp\/v2\/media?parent=5159"}],"wp:term":[{"taxonomy":"product_cat","embeddable":true,"href":"https:\/\/www.pharmefficare.com\/espace-pharmacien\/wp-json\/wp\/v2\/product_cat?post=5159"},{"taxonomy":"product_tag","embeddable":true,"href":"https:\/\/www.pharmefficare.com\/espace-pharmacien\/wp-json\/wp\/v2\/product_tag?post=5159"}],"curies":[{"name":"wp","href":"https:\/\/api.w.org\/{rel}","templated":true}]}}