{"id":5144,"date":"2022-07-12T11:32:05","date_gmt":"2022-07-12T09:32:05","guid":{"rendered":"https:\/\/www.pharmefficare.com\/espace-pharmacien\/?post_type=product&#038;p=5144"},"modified":"2022-07-12T11:39:29","modified_gmt":"2022-07-12T09:39:29","slug":"baume-corps-fondant","status":"publish","type":"product","link":"https:\/\/www.pharmefficare.com\/espace-pharmacien\/produit\/baume-corps-fondant\/","title":{"rendered":"Baume Corps Fondant"},"content":{"rendered":"<ul>\n<li>Un baume fondant, \u00e0 base d\u2019eau thermale du Mont Blanc, pour <strong>une peau nourrie et adoucie<\/strong>.<\/li>\n<li>Ce soin nourrissant pour le corps<strong> apaise et hydrate intens\u00e9ment<\/strong>.<\/li>\n<li>Sa formule, \u00e0 l\u2019eau thermale r\u00e9paratrice, associe le lin alpin apaisant \u00e0 des lipides d\u2019origine v\u00e9g\u00e9tale (beurre de karit\u00e9, squalane, glyc\u00e9rine,). La peau est hydrat\u00e9e et <strong>retrouve sa douceur<\/strong>.<\/li>\n<\/ul>\n<p class=\"single-product-format text-theme\">Format : Pot 200ml<\/p>\n<p>&nbsp;<\/p>\n<p><strong>Ingr\u00e9dients<\/strong> : AQUA \/ WATER DIMETHICONE SQUALANE C10-18 TRIGLYCERIDES COCO-CAPRYLATE\/CAPRATE PROPANEDIOL BUTYROSPERMUM PARKII BUTTER \/ SHEA BUTTER ALUMINUM STARCH OCTENYLSUCCINATE GLYCERIN GLYCERYL STEARATE CETYL ALCOHOL PEG-75 STEARATE DIMETHICONOL HYDROXYACETOPHENONE STEARETH-20 CETETH-20 ACRYLATES\/C10-30 ALKYL ACRYLATE CROSSPOLYMER CHLORPHENESIN TETRASODIUM EDTA SALICYLIC ACID XANTHAN GUM SODIUM HYDROXIDE SCUTELLARIA ALPINA FLOWER\/LEAF\/STEM EXTRACT LINUM ALPINUM FLOWER\/LEAF\/STEM EXTRACT CITRIC ACID SODIUM BENZOATE TOCOPHEROL POTASSIUM SORBATE HELIANTHUS ANNUUS SEED OIL \/ SUNFLOWER SEED OIL CI 42090 \/ BLUE 1 PARFUM \/ FRAGRANCE<\/p>\n","protected":false},"excerpt":{"rendered":"<p>Un baume fondant, \u00e0 base d\u2019eau thermale du Mont Blanc, pour une peau nourrie et adoucie. Ce soin nourrissant pour le corps apaise et hydrate intens\u00e9ment. Sa formule, \u00e0 l\u2019eau thermale r\u00e9paratrice, associe le lin alpin apaisant \u00e0 des lipides d\u2019origine v\u00e9g\u00e9tale (beurre de karit\u00e9, squalane, glyc\u00e9rine,). La peau est hydrat\u00e9e et retrouve sa douceur. &hellip;<\/p>\n<p class=\"read-more\"> <a class=\"\" href=\"https:\/\/www.pharmefficare.com\/espace-pharmacien\/produit\/baume-corps-fondant\/\"> <span class=\"screen-reader-text\">Baume Corps Fondant<\/span> Lire la suite\u00a0\u00bb<\/a><\/p>\n","protected":false},"featured_media":5145,"template":"","meta":{"site-sidebar-layout":"default","site-content-layout":"default","ast-global-header-display":"","ast-main-header-display":"","ast-hfb-above-header-display":"","ast-hfb-below-header-display":"","ast-hfb-mobile-header-display":"","site-post-title":"","ast-breadcrumbs-content":"","ast-featured-img":"","footer-sml-layout":"","theme-transparent-header-meta":"default","adv-header-id-meta":"","stick-header-meta":"","header-above-stick-meta":"","header-main-stick-meta":"","header-below-stick-meta":""},"product_cat":[170],"product_tag":[],"class_list":["post-5144","product","type-product","status-publish","has-post-thumbnail","hentry","product_cat-soin-pour-le-corps"],"_links":{"self":[{"href":"https:\/\/www.pharmefficare.com\/espace-pharmacien\/wp-json\/wp\/v2\/product\/5144","targetHints":{"allow":["GET"]}}],"collection":[{"href":"https:\/\/www.pharmefficare.com\/espace-pharmacien\/wp-json\/wp\/v2\/product"}],"about":[{"href":"https:\/\/www.pharmefficare.com\/espace-pharmacien\/wp-json\/wp\/v2\/types\/product"}],"wp:featuredmedia":[{"embeddable":true,"href":"https:\/\/www.pharmefficare.com\/espace-pharmacien\/wp-json\/wp\/v2\/media\/5145"}],"wp:attachment":[{"href":"https:\/\/www.pharmefficare.com\/espace-pharmacien\/wp-json\/wp\/v2\/media?parent=5144"}],"wp:term":[{"taxonomy":"product_cat","embeddable":true,"href":"https:\/\/www.pharmefficare.com\/espace-pharmacien\/wp-json\/wp\/v2\/product_cat?post=5144"},{"taxonomy":"product_tag","embeddable":true,"href":"https:\/\/www.pharmefficare.com\/espace-pharmacien\/wp-json\/wp\/v2\/product_tag?post=5144"}],"curies":[{"name":"wp","href":"https:\/\/api.w.org\/{rel}","templated":true}]}}